ands digit of 3833387?
3
What is the millions digit of 6144278?
6
What is the units digit of 6193084?
4
What is the tens digit of 680501?
0
What is the tens digit of 2916612?
1
What is the ten thousands digit of 443929?
4
What is the tens digit of 2914657?
5
What is the tens digit of 290451?
5
What is the hundred thousands digit of 7980027?
9
What is the units digit of 492912?
2
What is the hundred thousands digit of 725333?
7
What is the millions digit of 1420280?
1
What is the thousands digit of 244087?
4
What is the hundred thousands digit of 272746?
2
What is the hundred thousands digit of 520383?
5
What is the hundred thousands digit of 8063955?
0
What is the tens digit of 515745?
4
What is the hundreds digit of 3410743?
7
What is the ten thousands digit of 12609?
1
What is the hundreds digit of 5201479?
4
What is the tens digit of 2991841?
4
What is the thousands digit of 94861?
4
What is the units digit of 425885?
5
What is the hundreds digit of 163607?
6
What is the tens digit of 1525910?
1
What is the tens digit of 346019?
1
What is the hundreds digit of 5986277?
2
What is the ten thousands digit of 917963?
1
What is the tens digit of 1451376?
7
What is the tens digit of 266841?
4
What is the hundreds digit of 2936610?
6
What is the ten thousands digit of 691653?
9
What is the ten thousands digit of 33523538?
2
What is the units digit of 238273?
3
What is the hundred thousands digit of 300540?
3
What is the thousands digit of 2812946?
2
What is the ten thousands digit of 3798416?
9
What is the thousands digit of 869129?
9
What is the thousands digit of 46985?
6
What is the tens digit of 9379048?
4
What is the hundred thousands digit of 4680105?
6
What is the ten millions digit of 25003451?
2
What is the ten thousands digit of 83469?
8
What is the millions digit of 10464802?
0
What is the units digit of 9783442?
2
What is the thousands digit of 1825182?
5
What is the units digit of 87094?
4
What is the millions digit of 1323736?
1
What is the hundreds digit of 602328?
3
What is the tens digit of 42084?
8
What is the units digit of 960426?
6
What is the ten millions digit of 21250380?
2
What is the ten thousands digit of 46785?
4
What is the thousands digit of 2834096?
4
What is the units digit of 161767?
7
What is the hundred thousands digit of 11042192?
0
What is the millions digit of 35927554?
5
What is the millions digit of 1247910?
1
What is the ten thousands digit of 167820?
6
What is the tens digit of 382762?
6
What is the tens digit of 4438414?
1
What is the thousands digit of 19474034?
4
What is the millions digit of 8849240?
8
What is the hundreds digit of 491544?
5
What is the units digit of 382317?
7
What is the ten thousands digit of 662475?
6
What is the thousands digit of 685344?
5
What is the tens digit of 906403?
0
What is the tens digit of 6025904?
0
What is the tens digit of 10052296?
9
What is the tens digit of 773668?
6
What is the hundred thousands digit of 153063?
1
What is the tens digit of 8666585?
8
What is the hundred thousands digit of 5975221?
9
What is the millions digit of 4740993?
4
What is the ten thousands digit of 2803339?
0
What is the tens digit of 3127814?
1
What is the units digit of 2776044?
4
What is the units digit of 264078?
8
What is the hundreds digit of 309839?
8
What is the ten thousands digit of 14501773?
0
What is the tens digit of 5162603?
0
What is the units digit of 905909?
9
What is the thousands digit of 5184774?
4
What is the hundred thousands digit of 3596832?
5
What is the ten thousands digit of 7774859?
7
What is the hundreds digit of 496457?
4
What is the ten thousands digit of 1185745?
8
What is the thousands digit of 5056827?
6
What is the thousands digit of 1201426?
1
What is the hundreds digit of 293041?
0
What is the millions digit of 1218440?
1
What is the hundred thousands digit of 233272?
2
What is the tens digit of 413660?
6
What is the ten thousands digit of 2900826?
0
What is the hundreds digit of 14389134?
1
What is the units digit of 4286124?
4
What is the thousands digit of 325243?
5
What is the hundreds digit of 185980?
9
What is the hundreds digit of 1239000?
0
What is the ten thousands digit of 160694?
6
What is the hundred thousands digit of 162715?
1
What is the ten thousands digit of 796956?
9
What is the tens digit of 229985?
8
What is the units digit of 180997?
7
What is the ten millions digit of 15240746?
1
What is the hundred thousands digit of 1340204?
3
What is the tens digit of 241937?
3
What is the ten thousands digit of 1018524?
1
What is the thousands digit of 23371?
3
What is the units digit of 9505254?
4
What is the units digit of 149648?
8
What is the hundreds digit of 1292670?
6
What is the hundreds digit of 5233168?
1
What is the tens digit of 17610275?
7
What is the thousands digit of 3573532?
3
What is the hundred thousands digit of 3328228?
3
What is the ten thousands digit of 241939?
4
What is the ten thousands digit of 21423094?
2
What is the hundreds digit of 814249?
2
What is the tens digit of 7104699?
9
What is the tens digit of 239686?
8
What is the tens digit of 19015435?
3
What is the ten thousands digit of 29942694?
4
What is the hundreds digit of 894831?
8
What is the thousands digit of 1487555?
7
What is the hundred thousands digit of 3722944?
7
What is the millions digit of 3402426?
3
What is the hundred thousands digit of 279346?
2
What is the millions digit of 2360981?
2
What is the hundred thousands digit of 874888?
8
What is the tens digit of 6001917?
1
What is the hundreds digit of 37879308?
3
What is the hundreds digit of 666389?
3
What is the units digit of 2883?
3
What is the units digit of 36323034?
4
What is the units digit of 242773?
3
What is the tens digit of 9873004?
0
What is the hundred thousands digit of 12471890?
4
What is the ten thousands digit of 44269?
4
What is the ten thousands digit of 278848?
7
What is the ten thousands digit of 156058?
5
What is the hundreds digit of 1697757?
7
What is the millions digit of 11372483?
1
What is the units digit of 3033044?
4
What is the units digit of 1082941?
1
What is the hundreds digit of 3341141?
1
What is the tens digit of 11505082?
8
What is the hundred thousands digit of 451344?
4
What is the hundreds digit of 18923509?
5
What is the tens digit of 22518211?
1
What is the tens digit of 7867670?
7
What is the units digit of 717415?
5
What is the units digit of 116971?
1
What is the millions digit of 7024390?
7
What is the ten thousands digit of 3393009?
9
What is the hundred thousands digit of 400230?
4
What is the tens digit of 332116?
1
What is the hundreds digit of 156614?
6
What is the hundred thousands digit of 423790?
4
What is the hundreds digit of 444031?
0
What is the ten thousands digit of 14133349?
3
What is the units digit of 16854165?
5
What is the units digit of 304364?
4
What is the thousands digit of 5702481?
2
What is the hundreds digit of 376484?
4
What is the ten thousands digit of 32513215?
1
What is the hundreds digit of 4593694?
6
What is the hundreds digit of 2152401?
4
What is the hundred thousands digit of 238076?
2
What is the hundreds digit of 1556619?
6
What is the hundreds digit of 13119028?
0
What is the units digit of 6445819?
9
What is the ten thousands digit of 2786721?
8
What is the ten thousands digit of 6263947?
6
What is the millions digit of 2126465?
2
What is the thousands digit of 14792183?
2
What is the tens digit of 21758415?
1
What is the units digit of 20255181?
1
What is the ten thousands digit of 3196179?
9
What is the millions digit of 9335639?
9
What is the tens digit of 454857?
5
What is the hundreds digit of 1820096?
0
What is the tens digit of 1275795?
9
What is the thousands digit of 7308237?
8
What is the units digit of 667468?
8
What is the millions digit of 16183579?
6
What is the ten thousands digit of 947940?
4
What is the ten thousands digit of 4619409?
1
What is the tens digit of 2768625?
2
What is the ten thousands digit of 1965792?
6
What is the thousands digit of 689651?
9
What is the thousands digit of 387667?
7
What is the hundreds digit of 70218?
2
What is the units digit of 5240098?
8
What is the ten thousands digit of 245782?
4
What is the thousands digit of 1775256?
5
What is the hundreds digit 